 divided by 366192?
81
What is the remainder when 8036 is divided by 7942?
94
Calculate the remainder when 12458 is divided by 509.
242
Calculate the remainder when 9923659 is divided by 29.
4
Calculate the remainder when 101930379 is divided by 20.
19
What is the remainder when 59206341 is divided by 1798?
1797
What is the remainder when 3196311 is divided by 8615?
146
What is the remainder when 34176588 is divided by 427?
362
Calculate the remainder when 51867 is divided by 9978.
1977
What is the remainder when 1715783 is divided by 18447?
212
Calculate the remainder when 82463 is divided by 77958.
4505
What is the remainder when 363302 is divided by 72596?
322
What is the remainder when 30759659 is divided by 10253216?
11
What is the remainder when 503063996 is divided by 1644?
1640
Calculate the remainder when 85286 is divided by 1482.
812
Calculate the remainder when 3342229 is divided by 334145.
779
What is the remainder when 10583891 is divided by 4462?
27
Calculate the remainder when 2762848 is divided by 3471.
3403
Calculate the remainder when 158249 is divided by 79121.
7
Calculate the remainder when 3311032 is divided by 1655435.
162
Calculate the remainder when 12271 is divided by 646.
643
What is the remainder when 11464910 is divided by 439?
425
Calculate the remainder when 12058112 is divided by 9039.
86
What is the remainder when 40728 is divided by 19763?
1202
Calculate the remainder when 1998377 is divided by 221997.
404
What is the remainder when 4068626 is divided by 1517?
32
Calculate the remainder when 3404996 is divided by 179210.
6
Calculate the remainder when 187254 is divided by 177.
165
Calculate the remainder when 75418259 is divided by 194.
177
What is the remainder when 483261455 is divided by 178?
177
What is the remainder when 6704121 is divided by 351?
21
Calculate the remainder when 1365471 is divided by 55.
41
Calculate the remainder when 3885390 is divided by 1200.
990
What is the remainder when 565453 is divided by 485?
428
Calculate the remainder when 7354396 is divided by 756.
28
Calculate the remainder when 64983600 is divided by 12996720.
0
What is the remainder when 150403 is divided by 1967?
911
Calculate the remainder when 7622 is divided by 7128.
494
What is the remainder when 24090 is divided by 122?
56
Calculate the remainder when 3239020 is divided by 4681.
4449
Calculate the remainder when 3642170 is divided by 15.
5
What is the remainder when 4774158 is divided by 2980?
198
Calculate the remainder when 30798 is divided by 7510.
758
What is the remainder when 538415 is divided by 1261?
1229
Calculate the remainder when 2300428583 is divided by 183.
182
What is the remainder when 268597 is divided by 205?
47
Calculate the remainder when 41724 is divided by 379.
34
What is the remainder when 279418 is divided by 25335?
733
What is the remainder when 54139 is divided by 3758?
1527
Calculate the remainder when 24613036 is divided by 637.
630
What is the remainder when 1031398 is divided by 134?
0
Calculate the remainder when 7495135 is divided by 1363.
1361
What is the remainder when 11636055 is divided by 2274?
2271
What is the remainder when 169144453 is divided by 1388?
1385
What is the remainder when 1129784 is divided by 2545?
2349
What is the remainder when 1165823 is divided by 72836?
447
Calculate the remainder when 14832427 is divided by 453.
301
What is the remainder when 6418535 is divided by 2947?
2916
What is the remainder when 37996 is divided by 5275?
1071
Calculate the remainder when 242885 is divided by 648.
533
Calculate the remainder when 59414741 is divided by 7426840.
21
Calculate the remainder when 1568532039 is divided by 1397.
1394
Calculate the remainder when 9943499 is divided by 139.
134
Calculate the remainder when 359041 is divided by 358980.
61
Calculate the remainder when 522601 is divided by 23754.
13
Calculate the remainder when 79029 is divided by 78623.
406
What is the remainder when 7809439 is divided by 80?
79
Calculate the remainder when 5784330 is divided by 36.
30
What is the remainder when 671865 is divided by 67186?
5
What is the remainder when 8205806 is divided by 315606?
50
What is the remainder when 423824 is divided by 8821?
416
Calculate the remainder when 70313 is divided by 57.
32
What is the remainder when 235742 is divided by 235596?
146
What is the remainder when 119753277 is divided by 5802?
5799
What is the remainder when 299242041 is divided by 18?
15
What is the remainder when 527445593 is divided by 8079?
8078
Calculate the remainder when 48700 is divided by 642.
550
What is the remainder when 5934649 is divided by 2912?
2905
Calculate the remainder when 6076 is divided by 6047.
29
Calculate the remainder when 787967 is divided by 1026.
1025
Calculate the remainder when 3592477 is divided by 20.
17
What is the remainder when 277764972 is divided by 15?
12
What is the remainder when 1610483 is divided by 206?
181
Calculate the remainder when 6962296 is divided by 6562.
14
What is the remainder when 3530672 is divided by 108?
44
What is the remainder when 673914 is divided by 309?
294
What is the remainder when 52903692 is divided by 143760?
12
Calculate the remainder when 2439 is divided by 704.
327
Calculate the remainder when 13089710 is divided by 256660.
50
What is the remainder when 176083776 is divided by 753?
750
What is the remainder when 2290332 is divided by 104098?
176
Calculate the remainder when 1340735 is divided by 247.
19
Calculate the remainder when 44188073 is divided by 70.
13
Calculate the remainder when 10616396 is divided by 1185.
1166
What is the remainder when 1380484 is divided by 6081?
97
Calculate the remainder when 595356 is divided by 35019.
33
What is the remainder when 371365750 is divided by 92841431?
26
Calculate the remainder when 4648783 is divided by 3943.
3929
Calculate the remainder when 107413755 is divided by 16.
11
What is the remainder when 1474771 is divided by 737355?
61
What is the remainder when 57496395 is divided by 1906?
1905
Calculate the remainder when 20545366 is divided by 898.
24
Calculate the remainder when 108597 is divided by 774.
237
What is the remainder when 3400865 is divided by 21389?
14
What is the remainder when 157531 is divided by 5540?
2411
What is the remainder when 122148 is divided by 630?
558
Calculate the remainder when 1394838 is divided by 7341.
48
What is the remainder when 547278 is divided by 728?
550
Calculate the remainder when 3977438 is divided by 1416.
1310
What is the remainder when 7788050 is divided by 7389?
44
What is the remainder when 11785 is divided by 3722?
619
What is the remainder when 185242 is divided by 15249?
2254
Calculate the remainder when 43789 is divided by 61.
52
Calculate the remainder when 4519886 is divided by 3.
2
What is the remainder when 13119866 is divided by 4373258?
92
Calculate the remainder when 562423 is divided by 10023.
1135
Calculate the remainder when 881845 is divided by 4521.
250
Calculate the remainder when 26222 is divided by 8034.
2120
Calculate the remainder when 1745055 is divided by 1744773.
282
Calculate the remainder when 20360080 is divided by 1184.
16
Calculate the remainder when 6049101 is divided by 1209812.
41
What is the remainder when 12780422 is divided by 94?
88
Calculate the remainder when 3077988 is divided by 1538974.
40
Calculate the remainder when 526323 is divided by 1309.
105
Calculate the remainder when 412860865 is divided by 45.
40
Calculate the remainder when 6559346 is divided by 30.
26
What is the remainder when 67779399 is divided by 40?
39
Calculate the remainder when 12866541 is divided by 21.
9
Calculate the remainder when 19675 is divided by 4693.
903
Calculate the remainder when 548283 is divided by 3265.
3028
What is the remainder when 6437844 is divided by 35?
14
Calculate the remainder when 2245554 is divided by 905.
249
Calculate the remainder when 58093297 is divided by 25.
22
What is the remainder when 37003 is divided by 11897?
1312
Calculate the remainder when 32331134 is divided by 229.
227
What is the remainder when 144778 is divided by 5357?
139
What is the remainder when 168372275 is divided by 287?
281
What is the remainder when 232058 is divided by 402?
104
Calculate th